{"id":36,"date":"2025-09-06T17:48:41","date_gmt":"2025-09-06T15:48:41","guid":{"rendered":"https:\/\/pmmns.palacmlodziezy.pl\/?page_id=36"},"modified":"2025-09-06T17:48:41","modified_gmt":"2025-09-06T15:48:41","slug":"rekrutacja","status":"publish","type":"page","link":"https:\/\/pmmns.palacmlodziezy.pl\/?page_id=36","title":{"rendered":"Rekrutacja"},"content":{"rendered":"\n<p class=\"wp-block-paragraph\"><strong>REGULAMIN REKRUTACJI&nbsp;DO PA\u0141ACU M\u0141ODZIE\u017bY W&nbsp;NOWYM S\u0104CZU<br><\/strong><strong>W&nbsp;ROKU SZKOLNYM 2024\/2025<\/strong><\/p>\n\n\n\n<hr class=\"wp-block-separator has-alpha-channel-opacity\"\/>\n\n\n\n<ul class=\"wp-block-list\">\n<li class=\"has-medium-font-size\"><a href=\"https:\/\/palacmlodziezy.pl\/wp-content\/uploads\/2024\/06\/REGUL.-REKRUTACJI-24.25.pdf\">Regulamin rekrutacji do\u00a0Pa\u0142acu M\u0142odzie\u017cy w\u00a0Nowym S\u0105czu<\/a><\/li>\n\n\n\n<li class=\"has-medium-font-size\"><a href=\"https:\/\/palacmlodziezy.pl\/wp-content\/uploads\/2024\/09\/DEKLARACJA_PM.pdf\"><strong>DEKLARACJA<\/strong><\/a><\/li>\n\n\n\n<li class=\"has-medium-font-size\"><a href=\"https:\/\/palacmlodziezy.pl\/wp-content\/uploads\/2019\/02\/Zgoda-UCZESTNIK-ZAJ%C4%98%C4%86.pdf\">Zgoda na\u00a0przetwarzanie danych osobowych<\/a><\/li>\n\n\n\n<li class=\"has-medium-font-size\"><a href=\"https:\/\/palacmlodziezy.pl\/wp-content\/uploads\/2024\/09\/Standardy-Ochrony-Maloletnich-PM.pdf\">Standardy Ochrony Ma\u0142oletnich PM<\/a><\/li>\n<\/ul>\n\n\n\n<p class=\"wp-block-paragraph\"><strong>Szczeg\u00f3\u0142owy opis poszczeg\u00f3lnych k\u00f3\u0142 zainteresowa\u0144 znajdziecie w&nbsp;zak\u0142adce DZIA\u0141Y na&nbsp;stronie Pa\u0142acu.&nbsp;<\/strong><\/p>\n\n\n\n<ul class=\"wp-block-list\">\n<li class=\"has-medium-font-size\"><a href=\"https:\/\/palacmlodziezy.pl\/plastyka\/\">Dzia\u0142 Plastyczny<\/a><\/li>\n\n\n\n<li class=\"has-medium-font-size\"><a href=\"https:\/\/palacmlodziezy.pl\/dzial-muzyki-i-tanca-2\/\">Dzia\u0142 Muzyki i\u00a0Ta\u0144ca<\/a><\/li>\n\n\n\n<li class=\"has-medium-font-size\"><a href=\"https:\/\/palacmlodziezy.pl\/dzial-folkloru-i-tradycji-2\/\">Dzia\u0142 Tradycji i\u00a0Folkloru<\/a><\/li>\n\n\n\n<li class=\"has-medium-font-size\"><a href=\"https:\/\/palacmlodziezy.pl\/dzial-promocji-i-kultury\/\">Dzia\u0142 Promocji i\u00a0Kultury<\/a><\/li>\n\n\n\n<li class=\"has-medium-font-size\"><a href=\"https:\/\/palacmlodziezy.pl\/galeria-2\/\">Galeria Pa\u0142acu M\u0142odzie\u017cy<\/a><\/li>\n<\/ul>\n","protected":false},"excerpt":{"rendered":"<p>REGULAMIN REKRUTACJI&nbsp;DO PA\u0141ACU M\u0141ODZIE\u017bY W&nbsp;NOWYM S\u0104CZUW&nbsp;ROKU SZKOLNYM 2024\/2025 Szczeg\u00f3\u0142owy opis poszczeg\u00f3lnych k\u00f3\u0142 zainteresowa\u0144 znajdziecie w&nbsp;zak\u0142adce DZIA\u0141Y na&nbsp;stronie Pa\u0142acu.&nbsp;<\/p>\n","protected":false},"author":1,"featured_media":0,"parent":0,"menu_order":0,"comment_status":"closed","ping_status":"closed","template":"","meta":{"footnotes":""},"class_list":["post-36","page","type-page","status-publish","hentry"],"yoast_head":"<!-- This site is optimized with the Yoast SEO plugin v28.0 - https:\/\/yoast.com\/product\/yoast-seo-wordpress\/ -->\n<title>Rekrutacja - Pa\u0142ac M\u0142odzie\u017cy<\/title>\n<meta name=\"robots\" content=\"index, follow, max-snippet:-1, max-image-preview:large, max-video-preview:-1\" \/>\n<link rel=\"canonical\" href=\"https:\/\/pmmns.palacmlodziezy.pl\/?page_id=36\" \/>\n<meta property=\"og:locale\" content=\"pl_PL\" \/>\n<meta property=\"og:type\" content=\"article\" \/>\n<meta property=\"og:title\" content=\"Rekrutacja - Pa\u0142ac M\u0142odzie\u017cy\" \/>\n<meta property=\"og:description\" content=\"REGULAMIN REKRUTACJI&nbsp;DO PA\u0141ACU M\u0141ODZIE\u017bY W&nbsp;NOWYM S\u0104CZUW&nbsp;ROKU SZKOLNYM 2024\/2025 Szczeg\u00f3\u0142owy opis poszczeg\u00f3lnych k\u00f3\u0142 zainteresowa\u0144 znajdziecie w&nbsp;zak\u0142adce DZIA\u0141Y na&nbsp;stronie Pa\u0142acu.&nbsp;\" \/>\n<meta property=\"og:url\" content=\"https:\/\/pmmns.palacmlodziezy.pl\/?page_id=36\" \/>\n<meta property=\"og:site_name\" content=\"Pa\u0142ac M\u0142odzie\u017cy\" \/>\n<meta name=\"twitter:card\" content=\"summary_large_image\" \/>\n<script type=\"application\/ld+json\" class=\"yoast-schema-graph\">{\"@context\":\"https:\\\/\\\/schema.org\",\"@graph\":[{\"@type\":\"WebPage\",\"@id\":\"https:\\\/\\\/pmmns.palacmlodziezy.pl\\\/?page_id=36\",\"url\":\"https:\\\/\\\/pmmns.palacmlodziezy.pl\\\/?page_id=36\",\"name\":\"Rekrutacja - Pa\u0142ac M\u0142odzie\u017cy\",\"isPartOf\":{\"@id\":\"https:\\\/\\\/pmmns.palacmlodziezy.pl\\\/#website\"},\"datePublished\":\"2025-09-06T15:48:41+00:00\",\"breadcrumb\":{\"@id\":\"https:\\\/\\\/pmmns.palacmlodziezy.pl\\\/?page_id=36#breadcrumb\"},\"inLanguage\":\"pl-PL\",\"potentialAction\":[{\"@type\":\"ReadAction\",\"target\":[\"https:\\\/\\\/pmmns.palacmlodziezy.pl\\\/?page_id=36\"]}]},{\"@type\":\"BreadcrumbList\",\"@id\":\"https:\\\/\\\/pmmns.palacmlodziezy.pl\\\/?page_id=36#breadcrumb\",\"itemListElement\":[{\"@type\":\"ListItem\",\"position\":1,\"name\":\"Strona g\u0142\u00f3wna\",\"item\":\"https:\\\/\\\/pmmns.palacmlodziezy.pl\\\/\"},{\"@type\":\"ListItem\",\"position\":2,\"name\":\"Rekrutacja\"}]},{\"@type\":\"WebSite\",\"@id\":\"https:\\\/\\\/pmmns.palacmlodziezy.pl\\\/#website\",\"url\":\"https:\\\/\\\/pmmns.palacmlodziezy.pl\\\/\",\"name\":\"Pa\u0142ac M\u0142odzie\u017cy\",\"description\":\"Bo tu warto wraca\u0107...\",\"publisher\":{\"@id\":\"https:\\\/\\\/pmmns.palacmlodziezy.pl\\\/#organization\"},\"potentialAction\":[{\"@type\":\"SearchAction\",\"target\":{\"@type\":\"EntryPoint\",\"urlTemplate\":\"https:\\\/\\\/pmmns.palacmlodziezy.pl\\\/?s={search_term_string}\"},\"query-input\":{\"@type\":\"PropertyValueSpecification\",\"valueRequired\":true,\"valueName\":\"search_term_string\"}}],\"inLanguage\":\"pl-PL\"},{\"@type\":\"Organization\",\"@id\":\"https:\\\/\\\/pmmns.palacmlodziezy.pl\\\/#organization\",\"name\":\"Pa\u0142ac M\u0142odzie\u017cy\",\"url\":\"https:\\\/\\\/pmmns.palacmlodziezy.pl\\\/\",\"logo\":{\"@type\":\"ImageObject\",\"inLanguage\":\"pl-PL\",\"@id\":\"https:\\\/\\\/pmmns.palacmlodziezy.pl\\\/#\\\/schema\\\/logo\\\/image\\\/\",\"url\":\"https:\\\/\\\/pmmns.palacmlodziezy.pl\\\/wp-content\\\/uploads\\\/2025\\\/09\\\/cropped-Tekst-akapitu.png\",\"contentUrl\":\"https:\\\/\\\/pmmns.palacmlodziezy.pl\\\/wp-content\\\/uploads\\\/2025\\\/09\\\/cropped-Tekst-akapitu.png\",\"width\":500,\"height\":500,\"caption\":\"Pa\u0142ac M\u0142odzie\u017cy\"},\"image\":{\"@id\":\"https:\\\/\\\/pmmns.palacmlodziezy.pl\\\/#\\\/schema\\\/logo\\\/image\\\/\"}}]}<\/script>\n<!-- \/ Yoast SEO plugin. -->","yoast_head_json":{"title":"Rekrutacja - Pa\u0142ac M\u0142odzie\u017cy","robots":{"index":"index","follow":"follow","max-snippet":"max-snippet:-1","max-image-preview":"max-image-preview:large","max-video-preview":"max-video-preview:-1"},"canonical":"https:\/\/pmmns.palacmlodziezy.pl\/?page_id=36","og_locale":"pl_PL","og_type":"article","og_title":"Rekrutacja - Pa\u0142ac M\u0142odzie\u017cy","og_description":"REGULAMIN REKRUTACJI&nbsp;DO PA\u0141ACU M\u0141ODZIE\u017bY W&nbsp;NOWYM S\u0104CZUW&nbsp;ROKU SZKOLNYM 2024\/2025 Szczeg\u00f3\u0142owy opis poszczeg\u00f3lnych k\u00f3\u0142 zainteresowa\u0144 znajdziecie w&nbsp;zak\u0142adce DZIA\u0141Y na&nbsp;stronie Pa\u0142acu.&nbsp;","og_url":"https:\/\/pmmns.palacmlodziezy.pl\/?page_id=36","og_site_name":"Pa\u0142ac M\u0142odzie\u017cy","twitter_card":"summary_large_image","schema":{"@context":"https:\/\/schema.org","@graph":[{"@type":"WebPage","@id":"https:\/\/pmmns.palacmlodziezy.pl\/?page_id=36","url":"https:\/\/pmmns.palacmlodziezy.pl\/?page_id=36","name":"Rekrutacja - Pa\u0142ac M\u0142odzie\u017cy","isPartOf":{"@id":"https:\/\/pmmns.palacmlodziezy.pl\/#website"},"datePublished":"2025-09-06T15:48:41+00:00","breadcrumb":{"@id":"https:\/\/pmmns.palacmlodziezy.pl\/?page_id=36#breadcrumb"},"inLanguage":"pl-PL","potentialAction":[{"@type":"ReadAction","target":["https:\/\/pmmns.palacmlodziezy.pl\/?page_id=36"]}]},{"@type":"BreadcrumbList","@id":"https:\/\/pmmns.palacmlodziezy.pl\/?page_id=36#breadcrumb","itemListElement":[{"@type":"ListItem","position":1,"name":"Strona g\u0142\u00f3wna","item":"https:\/\/pmmns.palacmlodziezy.pl\/"},{"@type":"ListItem","position":2,"name":"Rekrutacja"}]},{"@type":"WebSite","@id":"https:\/\/pmmns.palacmlodziezy.pl\/#website","url":"https:\/\/pmmns.palacmlodziezy.pl\/","name":"Pa\u0142ac M\u0142odzie\u017cy","description":"Bo tu warto wraca\u0107...","publisher":{"@id":"https:\/\/pmmns.palacmlodziezy.pl\/#organization"},"potentialAction":[{"@type":"SearchAction","target":{"@type":"EntryPoint","urlTemplate":"https:\/\/pmmns.palacmlodziezy.pl\/?s={search_term_string}"},"query-input":{"@type":"PropertyValueSpecification","valueRequired":true,"valueName":"search_term_string"}}],"inLanguage":"pl-PL"},{"@type":"Organization","@id":"https:\/\/pmmns.palacmlodziezy.pl\/#organization","name":"Pa\u0142ac M\u0142odzie\u017cy","url":"https:\/\/pmmns.palacmlodziezy.pl\/","logo":{"@type":"ImageObject","inLanguage":"pl-PL","@id":"https:\/\/pmmns.palacmlodziezy.pl\/#\/schema\/logo\/image\/","url":"https:\/\/pmmns.palacmlodziezy.pl\/wp-content\/uploads\/2025\/09\/cropped-Tekst-akapitu.png","contentUrl":"https:\/\/pmmns.palacmlodziezy.pl\/wp-content\/uploads\/2025\/09\/cropped-Tekst-akapitu.png","width":500,"height":500,"caption":"Pa\u0142ac M\u0142odzie\u017cy"},"image":{"@id":"https:\/\/pmmns.palacmlodziezy.pl\/#\/schema\/logo\/image\/"}}]}},"_links":{"self":[{"href":"https:\/\/pmmns.palacmlodziezy.pl\/index.php?rest_route=\/wp\/v2\/pages\/36","targetHints":{"allow":["GET"]}}],"collection":[{"href":"https:\/\/pmmns.palacmlodziezy.pl\/index.php?rest_route=\/wp\/v2\/pages"}],"about":[{"href":"https:\/\/pmmns.palacmlodziezy.pl\/index.php?rest_route=\/wp\/v2\/types\/page"}],"author":[{"embeddable":true,"href":"https:\/\/pmmns.palacmlodziezy.pl\/index.php?rest_route=\/wp\/v2\/users\/1"}],"replies":[{"embeddable":true,"href":"https:\/\/pmmns.palacmlodziezy.pl\/index.php?rest_route=%2Fwp%2Fv2%2Fcomments&post=36"}],"version-history":[{"count":1,"href":"https:\/\/pmmns.palacmlodziezy.pl\/index.php?rest_route=\/wp\/v2\/pages\/36\/revisions"}],"predecessor-version":[{"id":37,"href":"https:\/\/pmmns.palacmlodziezy.pl\/index.php?rest_route=\/wp\/v2\/pages\/36\/revisions\/37"}],"wp:attachment":[{"href":"https:\/\/pmmns.palacmlodziezy.pl\/index.php?rest_route=%2Fwp%2Fv2%2Fmedia&parent=36"}],"curies":[{"name":"wp","href":"https:\/\/api.w.org\/{rel}","templated":true}]}}

<p class="wp-block-paragraph"><strong>REGULAMIN REKRUTACJI&nbsp;DO PAŁACU MŁODZIEŻY W&nbsp;NOWYM SĄCZU<br></strong><strong>W&nbsp;ROKU SZKOLNYM 2024/2025</strong></p>



<hr class="wp-block-separator has-alpha-channel-opacity"/>



<ul class="wp-block-list">
<li class="has-medium-font-size"><a href="https://palacmlodziezy.pl/wp-content/uploads/2024/06/REGUL.-REKRUTACJI-24.25.pdf">Regulamin rekrutacji do Pałacu Młodzieży w Nowym Sączu</a></li>



<li class="has-medium-font-size"><a href="https://palacmlodziezy.pl/wp-content/uploads/2024/09/DEKLARACJA_PM.pdf"><strong>DEKLARACJA</strong></a></li>



<li class="has-medium-font-size"><a href="https://palacmlodziezy.pl/wp-content/uploads/2019/02/Zgoda-UCZESTNIK-ZAJ%C4%98%C4%86.pdf">Zgoda na przetwarzanie danych osobowych</a></li>



<li class="has-medium-font-size"><a href="https://palacmlodziezy.pl/wp-content/uploads/2024/09/Standardy-Ochrony-Maloletnich-PM.pdf">Standardy Ochrony Małoletnich PM</a></li>
</ul>



<p class="wp-block-paragraph"><strong>Szczegółowy opis poszczególnych kół zainteresowań znajdziecie w&nbsp;zakładce DZIAŁY na&nbsp;stronie Pałacu.&nbsp;</strong></p>



<ul class="wp-block-list">
<li class="has-medium-font-size"><a href="https://palacmlodziezy.pl/plastyka/">Dział Plastyczny</a></li>



<li class="has-medium-font-size"><a href="https://palacmlodziezy.pl/dzial-muzyki-i-tanca-2/">Dział Muzyki i Tańca</a></li>



<li class="has-medium-font-size"><a href="https://palacmlodziezy.pl/dzial-folkloru-i-tradycji-2/">Dział Tradycji i Folkloru</a></li>



<li class="has-medium-font-size"><a href="https://palacmlodziezy.pl/dzial-promocji-i-kultury/">Dział Promocji i Kultury</a></li>



<li class="has-medium-font-size"><a href="https://palacmlodziezy.pl/galeria-2/">Galeria Pałacu Młodzieży</a></li>
</ul>

<p>REGULAMIN REKRUTACJI&nbsp;DO PAŁACU MŁODZIEŻY W&nbsp;NOWYM SĄCZUW&nbsp;ROKU SZKOLNYM 2024/2025 Szczegółowy opis poszczególnych kół zainteresowań znajdziecie w&nbsp;zakładce DZIAŁY na&nbsp;stronie Pałacu.&nbsp;</p>

<!-- This site is optimized with the Yoast SEO plugin v28.0 - https://yoast.com/product/yoast-seo-wordpress/ -->
<title>Rekrutacja - Pałac Młodzieży</title>
<meta name="robots" content="index, follow, max-snippet:-1, max-image-preview:large, max-video-preview:-1" />
<link rel="canonical" href="https://pmmns.palacmlodziezy.pl/?page_id=36" />
<meta property="og:locale" content="pl_PL" />
<meta property="og:type" content="article" />
<meta property="og:title" content="Rekrutacja - Pałac Młodzieży" />
<meta property="og:description" content="REGULAMIN REKRUTACJI&nbsp;DO PAŁACU MŁODZIEŻY W&nbsp;NOWYM SĄCZUW&nbsp;ROKU SZKOLNYM 2024/2025 Szczegółowy opis poszczególnych kół zainteresowań znajdziecie w&nbsp;zakładce DZIAŁY na&nbsp;stronie Pałacu.&nbsp;" />
<meta property="og:url" content="https://pmmns.palacmlodziezy.pl/?page_id=36" />
<meta property="og:site_name" content="Pałac Młodzieży" />
<meta name="twitter:card" content="summary_large_image" />
<script type="application/ld+json" class="yoast-schema-graph">{"@context":"https:\/\/schema.org","@graph":[{"@type":"WebPage","@id":"https:\/\/pmmns.palacmlodziezy.pl\/?page_id=36","url":"https:\/\/pmmns.palacmlodziezy.pl\/?page_id=36","name":"Rekrutacja - Pałac Młodzieży","isPartOf":{"@id":"https:\/\/pmmns.palacmlodziezy.pl\/#website"},"datePublished":"2025-09-06T15:48:41+00:00","breadcrumb":{"@id":"https:\/\/pmmns.palacmlodziezy.pl\/?page_id=36#breadcrumb"},"inLanguage":"pl-PL","potentialAction":[{"@type":"ReadAction","target":["https:\/\/pmmns.palacmlodziezy.pl\/?page_id=36"]}]},{"@type":"BreadcrumbList","@id":"https:\/\/pmmns.palacmlodziezy.pl\/?page_id=36#breadcrumb","itemListElement":[{"@type":"ListItem","position":1,"name":"Strona główna","item":"https:\/\/pmmns.palacmlodziezy.pl\/"},{"@type":"ListItem","position":2,"name":"Rekrutacja"}]},{"@type":"WebSite","@id":"https:\/\/pmmns.palacmlodziezy.pl\/#website","url":"https:\/\/pmmns.palacmlodziezy.pl\/","name":"Pałac Młodzieży","description":"Bo tu warto wracać...","publisher":{"@id":"https:\/\/pmmns.palacmlodziezy.pl\/#organization"},"potentialAction":[{"@type":"SearchAction","target":{"@type":"EntryPoint","urlTemplate":"https:\/\/pmmns.palacmlodziezy.pl\/?s={search_term_string}"},"query-input":{"@type":"PropertyValueSpecification","valueRequired":true,"valueName":"search_term_string"}}],"inLanguage":"pl-PL"},{"@type":"Organization","@id":"https:\/\/pmmns.palacmlodziezy.pl\/#organization","name":"Pałac Młodzieży","url":"https:\/\/pmmns.palacmlodziezy.pl\/","logo":{"@type":"ImageObject","inLanguage":"pl-PL","@id":"https:\/\/pmmns.palacmlodziezy.pl\/#\/schema\/logo\/image\/","url":"https:\/\/pmmns.palacmlodziezy.pl\/wp-content\/uploads\/2025\/09\/cropped-Tekst-akapitu.png","contentUrl":"https:\/\/pmmns.palacmlodziezy.pl\/wp-content\/uploads\/2025\/09\/cropped-Tekst-akapitu.png","width":500,"height":500,"caption":"Pałac Młodzieży"},"image":{"@id":"https:\/\/pmmns.palacmlodziezy.pl\/#\/schema\/logo\/image\/"}}]}</script>
<!-- / Yoast SEO plugin. -->

Rekrutacja - Pałac Młodzieży

REGULAMIN REKRUTACJI&nbsp;DO PAŁACU MŁODZIEŻY W&nbsp;NOWYM SĄCZUW&nbsp;ROKU SZKOLNYM 2024/2025 Szczegółowy opis poszczególnych kół zainteresowań znajdziecie w&nbsp;zakładce DZIAŁY na&nbsp;stronie Pałacu.&nbsp;

Pałac Młodzieży

Strona główna

Bo tu warto wracać...
