{"id":10,"date":"2025-09-06T17:27:43","date_gmt":"2025-09-06T15:27:43","guid":{"rendered":"https:\/\/pmmns.palacmlodziezy.pl\/?page_id=10"},"modified":"2025-09-06T17:27:43","modified_gmt":"2025-09-06T15:27:43","slug":"kontakt","status":"publish","type":"page","link":"https:\/\/pmmns.palacmlodziezy.pl\/?page_id=10","title":{"rendered":"Kontakt"},"content":{"rendered":"\n<h4 class=\"wp-block-heading\"><strong>ul.\u00a0Rynek 14<br>33-300 Nowy S\u0105cz<br>tel. 18 442 26 49<br><a href=\"mailto:mdk@edu.nowysacz.pl\">mdk@edu.nowysacz.pl<\/a><br><a href=\"https:\/\/palacmlodziezy.pl\/\">palacmlodziezy.pl<\/a><\/strong><\/h4>\n\n\n\n<p class=\"wp-block-paragraph\"><strong>Organizacja imprez:<\/strong><br><strong><em>Natalia Saferna<\/em><\/strong><br><a href=\"mailto:kultura@palacmlodziezy.pl\">kultura@palacmlodziezy.pl<\/a><\/p>\n\n\n\n<p class=\"wp-block-paragraph\"><a href=\"https:\/\/palacmlodziezy.pl\/deklaracja_d_c\/\"><strong>DEKLARACJA DOST\u0118PNO\u015aCI CYFROWEJ<\/strong><\/a><br><\/p>\n","protected":false},"excerpt":{"rendered":"<p>ul.\u00a0Rynek 1433-300 Nowy S\u0105cztel. 18 442 26 49mdk@edu.nowysacz.plpalacmlodziezy.pl Organizacja imprez:Natalia Safernakultura@palacmlodziezy.pl DEKLARACJA DOST\u0118PNO\u015aCI CYFROWEJ<\/p>\n","protected":false},"author":1,"featured_media":0,"parent":0,"menu_order":0,"comment_status":"closed","ping_status":"closed","template":"","meta":{"footnotes":""},"class_list":["post-10","page","type-page","status-publish","hentry"],"yoast_head":"<!-- This site is optimized with the Yoast SEO plugin v28.0 - https:\/\/yoast.com\/product\/yoast-seo-wordpress\/ -->\n<title>Kontakt - Pa\u0142ac M\u0142odzie\u017cy<\/title>\n<meta name=\"robots\" content=\"index, follow, max-snippet:-1, max-image-preview:large, max-video-preview:-1\" \/>\n<link rel=\"canonical\" href=\"https:\/\/pmmns.palacmlodziezy.pl\/?page_id=10\" \/>\n<meta property=\"og:locale\" content=\"pl_PL\" \/>\n<meta property=\"og:type\" content=\"article\" \/>\n<meta property=\"og:title\" content=\"Kontakt - Pa\u0142ac M\u0142odzie\u017cy\" \/>\n<meta property=\"og:description\" content=\"ul.\u00a0Rynek 1433-300 Nowy S\u0105cztel. 18 442 26 49mdk@edu.nowysacz.plpalacmlodziezy.pl Organizacja imprez:Natalia Safernakultura@palacmlodziezy.pl DEKLARACJA DOST\u0118PNO\u015aCI CYFROWEJ\" \/>\n<meta property=\"og:url\" content=\"https:\/\/pmmns.palacmlodziezy.pl\/?page_id=10\" \/>\n<meta property=\"og:site_name\" content=\"Pa\u0142ac M\u0142odzie\u017cy\" \/>\n<meta name=\"twitter:card\" content=\"summary_large_image\" \/>\n<script type=\"application\/ld+json\" class=\"yoast-schema-graph\">{\"@context\":\"https:\\\/\\\/schema.org\",\"@graph\":[{\"@type\":\"WebPage\",\"@id\":\"https:\\\/\\\/pmmns.palacmlodziezy.pl\\\/?page_id=10\",\"url\":\"https:\\\/\\\/pmmns.palacmlodziezy.pl\\\/?page_id=10\",\"name\":\"Kontakt - Pa\u0142ac M\u0142odzie\u017cy\",\"isPartOf\":{\"@id\":\"https:\\\/\\\/pmmns.palacmlodziezy.pl\\\/#website\"},\"datePublished\":\"2025-09-06T15:27:43+00:00\",\"breadcrumb\":{\"@id\":\"https:\\\/\\\/pmmns.palacmlodziezy.pl\\\/?page_id=10#breadcrumb\"},\"inLanguage\":\"pl-PL\",\"potentialAction\":[{\"@type\":\"ReadAction\",\"target\":[\"https:\\\/\\\/pmmns.palacmlodziezy.pl\\\/?page_id=10\"]}]},{\"@type\":\"BreadcrumbList\",\"@id\":\"https:\\\/\\\/pmmns.palacmlodziezy.pl\\\/?page_id=10#breadcrumb\",\"itemListElement\":[{\"@type\":\"ListItem\",\"position\":1,\"name\":\"Strona g\u0142\u00f3wna\",\"item\":\"https:\\\/\\\/pmmns.palacmlodziezy.pl\\\/\"},{\"@type\":\"ListItem\",\"position\":2,\"name\":\"Kontakt\"}]},{\"@type\":\"WebSite\",\"@id\":\"https:\\\/\\\/pmmns.palacmlodziezy.pl\\\/#website\",\"url\":\"https:\\\/\\\/pmmns.palacmlodziezy.pl\\\/\",\"name\":\"Pa\u0142ac M\u0142odzie\u017cy\",\"description\":\"Bo tu warto wraca\u0107...\",\"publisher\":{\"@id\":\"https:\\\/\\\/pmmns.palacmlodziezy.pl\\\/#organization\"},\"potentialAction\":[{\"@type\":\"SearchAction\",\"target\":{\"@type\":\"EntryPoint\",\"urlTemplate\":\"https:\\\/\\\/pmmns.palacmlodziezy.pl\\\/?s={search_term_string}\"},\"query-input\":{\"@type\":\"PropertyValueSpecification\",\"valueRequired\":true,\"valueName\":\"search_term_string\"}}],\"inLanguage\":\"pl-PL\"},{\"@type\":\"Organization\",\"@id\":\"https:\\\/\\\/pmmns.palacmlodziezy.pl\\\/#organization\",\"name\":\"Pa\u0142ac M\u0142odzie\u017cy\",\"url\":\"https:\\\/\\\/pmmns.palacmlodziezy.pl\\\/\",\"logo\":{\"@type\":\"ImageObject\",\"inLanguage\":\"pl-PL\",\"@id\":\"https:\\\/\\\/pmmns.palacmlodziezy.pl\\\/#\\\/schema\\\/logo\\\/image\\\/\",\"url\":\"https:\\\/\\\/pmmns.palacmlodziezy.pl\\\/wp-content\\\/uploads\\\/2025\\\/09\\\/cropped-Tekst-akapitu.png\",\"contentUrl\":\"https:\\\/\\\/pmmns.palacmlodziezy.pl\\\/wp-content\\\/uploads\\\/2025\\\/09\\\/cropped-Tekst-akapitu.png\",\"width\":500,\"height\":500,\"caption\":\"Pa\u0142ac M\u0142odzie\u017cy\"},\"image\":{\"@id\":\"https:\\\/\\\/pmmns.palacmlodziezy.pl\\\/#\\\/schema\\\/logo\\\/image\\\/\"}}]}<\/script>\n<!-- \/ Yoast SEO plugin. -->","yoast_head_json":{"title":"Kontakt - Pa\u0142ac M\u0142odzie\u017cy","robots":{"index":"index","follow":"follow","max-snippet":"max-snippet:-1","max-image-preview":"max-image-preview:large","max-video-preview":"max-video-preview:-1"},"canonical":"https:\/\/pmmns.palacmlodziezy.pl\/?page_id=10","og_locale":"pl_PL","og_type":"article","og_title":"Kontakt - Pa\u0142ac M\u0142odzie\u017cy","og_description":"ul.\u00a0Rynek 1433-300 Nowy S\u0105cztel. 18 442 26 49mdk@edu.nowysacz.plpalacmlodziezy.pl Organizacja imprez:Natalia Safernakultura@palacmlodziezy.pl DEKLARACJA DOST\u0118PNO\u015aCI CYFROWEJ","og_url":"https:\/\/pmmns.palacmlodziezy.pl\/?page_id=10","og_site_name":"Pa\u0142ac M\u0142odzie\u017cy","twitter_card":"summary_large_image","schema":{"@context":"https:\/\/schema.org","@graph":[{"@type":"WebPage","@id":"https:\/\/pmmns.palacmlodziezy.pl\/?page_id=10","url":"https:\/\/pmmns.palacmlodziezy.pl\/?page_id=10","name":"Kontakt - Pa\u0142ac M\u0142odzie\u017cy","isPartOf":{"@id":"https:\/\/pmmns.palacmlodziezy.pl\/#website"},"datePublished":"2025-09-06T15:27:43+00:00","breadcrumb":{"@id":"https:\/\/pmmns.palacmlodziezy.pl\/?page_id=10#breadcrumb"},"inLanguage":"pl-PL","potentialAction":[{"@type":"ReadAction","target":["https:\/\/pmmns.palacmlodziezy.pl\/?page_id=10"]}]},{"@type":"BreadcrumbList","@id":"https:\/\/pmmns.palacmlodziezy.pl\/?page_id=10#breadcrumb","itemListElement":[{"@type":"ListItem","position":1,"name":"Strona g\u0142\u00f3wna","item":"https:\/\/pmmns.palacmlodziezy.pl\/"},{"@type":"ListItem","position":2,"name":"Kontakt"}]},{"@type":"WebSite","@id":"https:\/\/pmmns.palacmlodziezy.pl\/#website","url":"https:\/\/pmmns.palacmlodziezy.pl\/","name":"Pa\u0142ac M\u0142odzie\u017cy","description":"Bo tu warto wraca\u0107...","publisher":{"@id":"https:\/\/pmmns.palacmlodziezy.pl\/#organization"},"potentialAction":[{"@type":"SearchAction","target":{"@type":"EntryPoint","urlTemplate":"https:\/\/pmmns.palacmlodziezy.pl\/?s={search_term_string}"},"query-input":{"@type":"PropertyValueSpecification","valueRequired":true,"valueName":"search_term_string"}}],"inLanguage":"pl-PL"},{"@type":"Organization","@id":"https:\/\/pmmns.palacmlodziezy.pl\/#organization","name":"Pa\u0142ac M\u0142odzie\u017cy","url":"https:\/\/pmmns.palacmlodziezy.pl\/","logo":{"@type":"ImageObject","inLanguage":"pl-PL","@id":"https:\/\/pmmns.palacmlodziezy.pl\/#\/schema\/logo\/image\/","url":"https:\/\/pmmns.palacmlodziezy.pl\/wp-content\/uploads\/2025\/09\/cropped-Tekst-akapitu.png","contentUrl":"https:\/\/pmmns.palacmlodziezy.pl\/wp-content\/uploads\/2025\/09\/cropped-Tekst-akapitu.png","width":500,"height":500,"caption":"Pa\u0142ac M\u0142odzie\u017cy"},"image":{"@id":"https:\/\/pmmns.palacmlodziezy.pl\/#\/schema\/logo\/image\/"}}]}},"_links":{"self":[{"href":"https:\/\/pmmns.palacmlodziezy.pl\/index.php?rest_route=\/wp\/v2\/pages\/10","targetHints":{"allow":["GET"]}}],"collection":[{"href":"https:\/\/pmmns.palacmlodziezy.pl\/index.php?rest_route=\/wp\/v2\/pages"}],"about":[{"href":"https:\/\/pmmns.palacmlodziezy.pl\/index.php?rest_route=\/wp\/v2\/types\/page"}],"author":[{"embeddable":true,"href":"https:\/\/pmmns.palacmlodziezy.pl\/index.php?rest_route=\/wp\/v2\/users\/1"}],"replies":[{"embeddable":true,"href":"https:\/\/pmmns.palacmlodziezy.pl\/index.php?rest_route=%2Fwp%2Fv2%2Fcomments&post=10"}],"version-history":[{"count":1,"href":"https:\/\/pmmns.palacmlodziezy.pl\/index.php?rest_route=\/wp\/v2\/pages\/10\/revisions"}],"predecessor-version":[{"id":11,"href":"https:\/\/pmmns.palacmlodziezy.pl\/index.php?rest_route=\/wp\/v2\/pages\/10\/revisions\/11"}],"wp:attachment":[{"href":"https:\/\/pmmns.palacmlodziezy.pl\/index.php?rest_route=%2Fwp%2Fv2%2Fmedia&parent=10"}],"curies":[{"name":"wp","href":"https:\/\/api.w.org\/{rel}","templated":true}]}}

<h4 class="wp-block-heading"><strong>ul. Rynek 14<br>33-300 Nowy Sącz<br>tel. 18 442 26 49<br><a href="mailto:mdk@edu.nowysacz.pl">mdk@edu.nowysacz.pl</a><br><a href="https://palacmlodziezy.pl/">palacmlodziezy.pl</a></strong></h4>



<p class="wp-block-paragraph"><strong>Organizacja imprez:</strong><br><strong><em>Natalia Saferna</em></strong><br><a href="mailto:kultura@palacmlodziezy.pl">kultura@palacmlodziezy.pl</a></p>



<p class="wp-block-paragraph"><a href="https://palacmlodziezy.pl/deklaracja_d_c/"><strong>DEKLARACJA DOSTĘPNOŚCI CYFROWEJ</strong></a><br></p>

<p>ul. Rynek 1433-300 Nowy Sącztel. 18 442 26 49mdk@edu.nowysacz.plpalacmlodziezy.pl Organizacja imprez:Natalia Safernakultura@palacmlodziezy.pl DEKLARACJA DOSTĘPNOŚCI CYFROWEJ</p>

<!-- This site is optimized with the Yoast SEO plugin v28.0 - https://yoast.com/product/yoast-seo-wordpress/ -->
<title>Kontakt - Pałac Młodzieży</title>
<meta name="robots" content="index, follow, max-snippet:-1, max-image-preview:large, max-video-preview:-1" />
<link rel="canonical" href="https://pmmns.palacmlodziezy.pl/?page_id=10" />
<meta property="og:locale" content="pl_PL" />
<meta property="og:type" content="article" />
<meta property="og:title" content="Kontakt - Pałac Młodzieży" />
<meta property="og:description" content="ul. Rynek 1433-300 Nowy Sącztel. 18 442 26 49mdk@edu.nowysacz.plpalacmlodziezy.pl Organizacja imprez:Natalia Safernakultura@palacmlodziezy.pl DEKLARACJA DOSTĘPNOŚCI CYFROWEJ" />
<meta property="og:url" content="https://pmmns.palacmlodziezy.pl/?page_id=10" />
<meta property="og:site_name" content="Pałac Młodzieży" />
<meta name="twitter:card" content="summary_large_image" />
<script type="application/ld+json" class="yoast-schema-graph">{"@context":"https:\/\/schema.org","@graph":[{"@type":"WebPage","@id":"https:\/\/pmmns.palacmlodziezy.pl\/?page_id=10","url":"https:\/\/pmmns.palacmlodziezy.pl\/?page_id=10","name":"Kontakt - Pałac Młodzieży","isPartOf":{"@id":"https:\/\/pmmns.palacmlodziezy.pl\/#website"},"datePublished":"2025-09-06T15:27:43+00:00","breadcrumb":{"@id":"https:\/\/pmmns.palacmlodziezy.pl\/?page_id=10#breadcrumb"},"inLanguage":"pl-PL","potentialAction":[{"@type":"ReadAction","target":["https:\/\/pmmns.palacmlodziezy.pl\/?page_id=10"]}]},{"@type":"BreadcrumbList","@id":"https:\/\/pmmns.palacmlodziezy.pl\/?page_id=10#breadcrumb","itemListElement":[{"@type":"ListItem","position":1,"name":"Strona główna","item":"https:\/\/pmmns.palacmlodziezy.pl\/"},{"@type":"ListItem","position":2,"name":"Kontakt"}]},{"@type":"WebSite","@id":"https:\/\/pmmns.palacmlodziezy.pl\/#website","url":"https:\/\/pmmns.palacmlodziezy.pl\/","name":"Pałac Młodzieży","description":"Bo tu warto wracać...","publisher":{"@id":"https:\/\/pmmns.palacmlodziezy.pl\/#organization"},"potentialAction":[{"@type":"SearchAction","target":{"@type":"EntryPoint","urlTemplate":"https:\/\/pmmns.palacmlodziezy.pl\/?s={search_term_string}"},"query-input":{"@type":"PropertyValueSpecification","valueRequired":true,"valueName":"search_term_string"}}],"inLanguage":"pl-PL"},{"@type":"Organization","@id":"https:\/\/pmmns.palacmlodziezy.pl\/#organization","name":"Pałac Młodzieży","url":"https:\/\/pmmns.palacmlodziezy.pl\/","logo":{"@type":"ImageObject","inLanguage":"pl-PL","@id":"https:\/\/pmmns.palacmlodziezy.pl\/#\/schema\/logo\/image\/","url":"https:\/\/pmmns.palacmlodziezy.pl\/wp-content\/uploads\/2025\/09\/cropped-Tekst-akapitu.png","contentUrl":"https:\/\/pmmns.palacmlodziezy.pl\/wp-content\/uploads\/2025\/09\/cropped-Tekst-akapitu.png","width":500,"height":500,"caption":"Pałac Młodzieży"},"image":{"@id":"https:\/\/pmmns.palacmlodziezy.pl\/#\/schema\/logo\/image\/"}}]}</script>
<!-- / Yoast SEO plugin. -->

Kontakt - Pałac Młodzieży

ul. Rynek 1433-300 Nowy Sącztel. 18 442 26 49mdk@edu.nowysacz.plpalacmlodziezy.pl Organizacja imprez:Natalia Safernakultura@palacmlodziezy.pl DEKLARACJA DOSTĘPNOŚCI CYFROWEJ

Pałac Młodzieży

Strona główna

Bo tu warto wracać...
